{"id":125,"date":"2020-03-12T11:00:39","date_gmt":"2020-03-12T10:00:39","guid":{"rendered":"http:\/\/matbud-brukarstwo.pl\/?page_id=125"},"modified":"2020-03-21T15:29:07","modified_gmt":"2020-03-21T14:29:07","slug":"roboty-ziemne","status":"publish","type":"page","link":"https:\/\/matbud-brukarstwo.pl\/index.php\/roboty-ziemne\/","title":{"rendered":"Roboty Ziemne"},"content":{"rendered":"\n<p>Us\u0142ugi mini kopark\u0105 yanmar b37 waga 3.5 tony <\/p>\n\n\n\n<p> Mini wywrotka man 8.163 , 3 stronny wywrot  ,  \u0142adowno\u015b\u0107 5 ton<\/p>\n\n\n\n<p>Us\u0142ugi mini \u0142adowark\u0105 6 ton<\/p>\n\n\n\n<figure class=\"wp-block-gallery columns-2 is-cropped wp-block-gallery-1 is-layout-flex wp-block-gallery-is-layout-flex\"><ul class=\"blocks-gallery-grid\"><li class=\"blocks-gallery-item\"><figure><img loading=\"lazy\" decoding=\"async\" width=\"1024\" height=\"768\" src=\"http:\/\/matbud-brukarstwo.pl\/wp-content\/uploads\/2020\/03\/90412953_1163333750665285_3479141694098636800_n-1-1024x768.jpg\" alt=\"\" data-id=\"178\" data-full-url=\"http:\/\/matbud-brukarstwo.pl\/wp-content\/uploads\/2020\/03\/90412953_1163333750665285_3479141694098636800_n-1-scaled.jpg\" data-link=\"http:\/\/matbud-brukarstwo.pl\/index.php\/roboty-ziemne\/90412953_1163333750665285_3479141694098636800_n-1\/\" class=\"wp-image-178\" srcset=\"https:\/\/matbud-brukarstwo.pl\/wp-content\/uploads\/2020\/03\/90412953_1163333750665285_3479141694098636800_n-1-1024x768.jpg 1024w, https:\/\/matbud-brukarstwo.pl\/wp-content\/uploads\/2020\/03\/90412953_1163333750665285_3479141694098636800_n-1-300x225.jpg 300w, https:\/\/matbud-brukarstwo.pl\/wp-content\/uploads\/2020\/03\/90412953_1163333750665285_3479141694098636800_n-1-768x576.jpg 768w, https:\/\/matbud-brukarstwo.pl\/wp-content\/uploads\/2020\/03\/90412953_1163333750665285_3479141694098636800_n-1-1536x1152.jpg 1536w, https:\/\/matbud-brukarstwo.pl\/wp-content\/uploads\/2020\/03\/90412953_1163333750665285_3479141694098636800_n-1-2048x1536.jpg 2048w, https:\/\/matbud-brukarstwo.pl\/wp-content\/uploads\/2020\/03\/90412953_1163333750665285_3479141694098636800_n-1-1440x1080.jpg 1440w\" sizes=\"auto, (max-width: 1024px) 100vw, 1024px\" \/><\/figure><\/li><li class=\"blocks-gallery-item\"><figure><img loading=\"lazy\" decoding=\"async\" width=\"1024\" height=\"571\" src=\"http:\/\/matbud-brukarstwo.pl\/wp-content\/uploads\/2020\/03\/90883785_2304173893225317_8530917686903832576_n-1024x571.jpg\" alt=\"\" data-id=\"179\" data-full-url=\"http:\/\/matbud-brukarstwo.pl\/wp-content\/uploads\/2020\/03\/90883785_2304173893225317_8530917686903832576_n.jpg\" data-link=\"http:\/\/matbud-brukarstwo.pl\/index.php\/roboty-ziemne\/90883785_2304173893225317_8530917686903832576_n\/\" class=\"wp-image-179\" srcset=\"https:\/\/matbud-brukarstwo.pl\/wp-content\/uploads\/2020\/03\/90883785_2304173893225317_8530917686903832576_n-1024x571.jpg 1024w, https:\/\/matbud-brukarstwo.pl\/wp-content\/uploads\/2020\/03\/90883785_2304173893225317_8530917686903832576_n-300x167.jpg 300w, https:\/\/matbud-brukarstwo.pl\/wp-content\/uploads\/2020\/03\/90883785_2304173893225317_8530917686903832576_n-768x428.jpg 768w, https:\/\/matbud-brukarstwo.pl\/wp-content\/uploads\/2020\/03\/90883785_2304173893225317_8530917686903832576_n.jpg 1080w\" sizes=\"auto, (max-width: 1024px) 100vw, 1024px\" \/><\/figure><\/li><\/ul><\/figure>\n\n\n\n<p>Us\u0142ugi kopark\u0105 ko\u0142ow\u0105 liebherr 316 poj.\u0142y\u017cki 0.8 m3 <\/p>\n\n\n\n<p> Wywrotk\u0105 renault kerax poj.kipra 15m3<\/p>\n\n\n\n<figure class=\"wp-block-gallery columns-1 is-cropped wp-block-gallery-2 is-layout-flex wp-block-gallery-is-layout-flex\"><ul class=\"blocks-gallery-grid\"><li class=\"blocks-gallery-item\"><figure><img loading=\"lazy\" decoding=\"async\" width=\"1024\" height=\"768\" src=\"http:\/\/matbud-brukarstwo.pl\/wp-content\/uploads\/2020\/03\/korytowanie-1-1024x768.jpg\" alt=\"\" data-id=\"133\" data-full-url=\"http:\/\/matbud-brukarstwo.pl\/wp-content\/uploads\/2020\/03\/korytowanie-1.jpg\" data-link=\"http:\/\/matbud-brukarstwo.pl\/index.php\/roboty-ziemne\/korytowanie-1\/\" class=\"wp-image-133\" srcset=\"https:\/\/matbud-brukarstwo.pl\/wp-content\/uploads\/2020\/03\/korytowanie-1-1024x768.jpg 1024w, https:\/\/matbud-brukarstwo.pl\/wp-content\/uploads\/2020\/03\/korytowanie-1-300x225.jpg 300w, https:\/\/matbud-brukarstwo.pl\/wp-content\/uploads\/2020\/03\/korytowanie-1-768x576.jpg 768w, https:\/\/matbud-brukarstwo.pl\/wp-content\/uploads\/2020\/03\/korytowanie-1-1536x1152.jpg 1536w, https:\/\/matbud-brukarstwo.pl\/wp-content\/uploads\/2020\/03\/korytowanie-1-1440x1080.jpg 1440w, https:\/\/matbud-brukarstwo.pl\/wp-content\/uploads\/2020\/03\/korytowanie-1.jpg 2016w\" sizes=\"auto, (max-width: 1024px) 100vw, 1024px\" \/><\/figure><\/li><\/ul><\/figure>\n\n\n\n<p>Us\u0142ugi kopark\u0105 g\u0105siennicow\u0105 hyundai 290 lc poj.\u0142y\u017cki 1.85 m3 waga 30 ton<\/p>\n\n\n\n<figure class=\"wp-block-gallery columns-1 is-cropped wp-block-gallery-3 is-layout-flex wp-block-gallery-is-layout-flex\"><ul class=\"blocks-gallery-grid\"><li class=\"blocks-gallery-item\"><figure><img loading=\"lazy\" decoding=\"async\" width=\"1024\" height=\"768\" src=\"http:\/\/matbud-brukarstwo.pl\/wp-content\/uploads\/2020\/03\/kopalnia-1-1024x768.jpg\" alt=\"\" data-id=\"134\" data-full-url=\"http:\/\/matbud-brukarstwo.pl\/wp-content\/uploads\/2020\/03\/kopalnia-1.jpg\" data-link=\"http:\/\/matbud-brukarstwo.pl\/index.php\/roboty-ziemne\/kopalnia-1\/\" class=\"wp-image-134\" srcset=\"https:\/\/matbud-brukarstwo.pl\/wp-content\/uploads\/2020\/03\/kopalnia-1-1024x768.jpg 1024w, https:\/\/matbud-brukarstwo.pl\/wp-content\/uploads\/2020\/03\/kopalnia-1-300x225.jpg 300w, https:\/\/matbud-brukarstwo.pl\/wp-content\/uploads\/2020\/03\/kopalnia-1-768x576.jpg 768w, https:\/\/matbud-brukarstwo.pl\/wp-content\/uploads\/2020\/03\/kopalnia-1-1536x1152.jpg 1536w, https:\/\/matbud-brukarstwo.pl\/wp-content\/uploads\/2020\/03\/kopalnia-1-1440x1080.jpg 1440w, https:\/\/matbud-brukarstwo.pl\/wp-content\/uploads\/2020\/03\/kopalnia-1.jpg 2016w\" sizes=\"auto, (max-width: 1024px) 100vw, 1024px\" \/><\/figure><\/li><\/ul><\/figure>\n","protected":false},"excerpt":{"rendered":"<p>Us\u0142ugi mini kopark\u0105 yanmar b37 waga 3.5 tony Mini wywrotka man 8.163 , 3 stronny wywrot , \u0142adowno\u015b\u0107 5 ton Us\u0142ugi mini \u0142adowark\u0105 6 ton Us\u0142ugi kopark\u0105 ko\u0142ow\u0105 liebherr 316 poj.\u0142y\u017cki 0.8 m3 Wywrotk\u0105 renault kerax poj.kipra 15m3 Us\u0142ugi kopark\u0105 g\u0105siennicow\u0105 hyundai 290 lc poj.\u0142y\u017cki 1.85 m3 waga 30 ton<\/p>\n","protected":false},"author":1,"featured_media":0,"parent":0,"menu_order":0,"comment_status":"closed","ping_status":"closed","template":"page-templates\/homepage.php","meta":{"ngg_post_thumbnail":0,"footnotes":""},"class_list":["post-125","page","type-page","status-publish","hentry"],"yoast_head":"<!-- This site is optimized with the Yoast SEO plugin v27.0 - https:\/\/yoast.com\/product\/yoast-seo-wordpress\/ -->\n<title>Roboty Ziemne - MATBUD Brukarstwo<\/title>\n<meta name=\"robots\" content=\"index, follow, max-snippet:-1, max-image-preview:large, max-video-preview:-1\" \/>\n<link rel=\"canonical\" href=\"https:\/\/matbud-brukarstwo.pl\/index.php\/roboty-ziemne\/\" \/>\n<meta property=\"og:locale\" content=\"pl_PL\" \/>\n<meta property=\"og:type\" content=\"article\" \/>\n<meta property=\"og:title\" content=\"Roboty Ziemne - MATBUD Brukarstwo\" \/>\n<meta property=\"og:description\" content=\"Us\u0142ugi mini kopark\u0105 yanmar b37 waga 3.5 tony Mini wywrotka man 8.163 , 3 stronny wywrot , \u0142adowno\u015b\u0107 5 ton Us\u0142ugi mini \u0142adowark\u0105 6 ton Us\u0142ugi kopark\u0105 ko\u0142ow\u0105 liebherr 316 poj.\u0142y\u017cki 0.8 m3 Wywrotk\u0105 renault kerax poj.kipra 15m3 Us\u0142ugi kopark\u0105 g\u0105siennicow\u0105 hyundai 290 lc poj.\u0142y\u017cki 1.85 m3 waga 30 ton\" \/>\n<meta property=\"og:url\" content=\"https:\/\/matbud-brukarstwo.pl\/index.php\/roboty-ziemne\/\" \/>\n<meta property=\"og:site_name\" content=\"MATBUD Brukarstwo\" \/>\n<meta property=\"article:modified_time\" content=\"2020-03-21T14:29:07+00:00\" \/>\n<meta property=\"og:image\" content=\"http:\/\/matbud-brukarstwo.pl\/wp-content\/uploads\/2020\/03\/90412953_1163333750665285_3479141694098636800_n-1-1024x768.jpg\" \/>\n<meta name=\"twitter:card\" content=\"summary_large_image\" \/>\n<script type=\"application\/ld+json\" class=\"yoast-schema-graph\">{\"@context\":\"https:\/\/schema.org\",\"@graph\":[{\"@type\":\"WebPage\",\"@id\":\"https:\/\/matbud-brukarstwo.pl\/index.php\/roboty-ziemne\/\",\"url\":\"https:\/\/matbud-brukarstwo.pl\/index.php\/roboty-ziemne\/\",\"name\":\"Roboty Ziemne - MATBUD Brukarstwo\",\"isPartOf\":{\"@id\":\"http:\/\/matbud-brukarstwo.pl\/#website\"},\"primaryImageOfPage\":{\"@id\":\"https:\/\/matbud-brukarstwo.pl\/index.php\/roboty-ziemne\/#primaryimage\"},\"image\":{\"@id\":\"https:\/\/matbud-brukarstwo.pl\/index.php\/roboty-ziemne\/#primaryimage\"},\"thumbnailUrl\":\"http:\/\/matbud-brukarstwo.pl\/wp-content\/uploads\/2020\/03\/90412953_1163333750665285_3479141694098636800_n-1-1024x768.jpg\",\"datePublished\":\"2020-03-12T10:00:39+00:00\",\"dateModified\":\"2020-03-21T14:29:07+00:00\",\"breadcrumb\":{\"@id\":\"https:\/\/matbud-brukarstwo.pl\/index.php\/roboty-ziemne\/#breadcrumb\"},\"inLanguage\":\"pl-PL\",\"potentialAction\":[{\"@type\":\"ReadAction\",\"target\":[\"https:\/\/matbud-brukarstwo.pl\/index.php\/roboty-ziemne\/\"]}]},{\"@type\":\"ImageObject\",\"inLanguage\":\"pl-PL\",\"@id\":\"https:\/\/matbud-brukarstwo.pl\/index.php\/roboty-ziemne\/#primaryimage\",\"url\":\"http:\/\/matbud-brukarstwo.pl\/wp-content\/uploads\/2020\/03\/90412953_1163333750665285_3479141694098636800_n-1-1024x768.jpg\",\"contentUrl\":\"http:\/\/matbud-brukarstwo.pl\/wp-content\/uploads\/2020\/03\/90412953_1163333750665285_3479141694098636800_n-1-1024x768.jpg\"},{\"@type\":\"BreadcrumbList\",\"@id\":\"https:\/\/matbud-brukarstwo.pl\/index.php\/roboty-ziemne\/#breadcrumb\",\"itemListElement\":[{\"@type\":\"ListItem\",\"position\":1,\"name\":\"Strona g\u0142\u00f3wna\",\"item\":\"http:\/\/matbud-brukarstwo.pl\/\"},{\"@type\":\"ListItem\",\"position\":2,\"name\":\"Roboty Ziemne\"}]},{\"@type\":\"WebSite\",\"@id\":\"http:\/\/matbud-brukarstwo.pl\/#website\",\"url\":\"http:\/\/matbud-brukarstwo.pl\/\",\"name\":\"MATBUD Brukarstwo\",\"description\":\"Z nami Ci si\u0119 u\u0142o\u017cy!\",\"publisher\":{\"@id\":\"http:\/\/matbud-brukarstwo.pl\/#organization\"},\"potentialAction\":[{\"@type\":\"SearchAction\",\"target\":{\"@type\":\"EntryPoint\",\"urlTemplate\":\"http:\/\/matbud-brukarstwo.pl\/?s={search_term_string}\"},\"query-input\":{\"@type\":\"PropertyValueSpecification\",\"valueRequired\":true,\"valueName\":\"search_term_string\"}}],\"inLanguage\":\"pl-PL\"},{\"@type\":\"Organization\",\"@id\":\"http:\/\/matbud-brukarstwo.pl\/#organization\",\"name\":\"MATBUD Brukarstwo\",\"url\":\"http:\/\/matbud-brukarstwo.pl\/\",\"logo\":{\"@type\":\"ImageObject\",\"inLanguage\":\"pl-PL\",\"@id\":\"http:\/\/matbud-brukarstwo.pl\/#\/schema\/logo\/image\/\",\"url\":\"https:\/\/matbud-brukarstwo.pl\/wp-content\/uploads\/2020\/03\/cropped-89039435_191908945449923_1236239450627899392_n1.jpg\",\"contentUrl\":\"https:\/\/matbud-brukarstwo.pl\/wp-content\/uploads\/2020\/03\/cropped-89039435_191908945449923_1236239450627899392_n1.jpg\",\"width\":714,\"height\":122,\"caption\":\"MATBUD Brukarstwo\"},\"image\":{\"@id\":\"http:\/\/matbud-brukarstwo.pl\/#\/schema\/logo\/image\/\"}}]}<\/script>\n<!-- \/ Yoast SEO plugin. -->","yoast_head_json":{"title":"Roboty Ziemne - MATBUD Brukarstwo","robots":{"index":"index","follow":"follow","max-snippet":"max-snippet:-1","max-image-preview":"max-image-preview:large","max-video-preview":"max-video-preview:-1"},"canonical":"https:\/\/matbud-brukarstwo.pl\/index.php\/roboty-ziemne\/","og_locale":"pl_PL","og_type":"article","og_title":"Roboty Ziemne - MATBUD Brukarstwo","og_description":"Us\u0142ugi mini kopark\u0105 yanmar b37 waga 3.5 tony Mini wywrotka man 8.163 , 3 stronny wywrot , \u0142adowno\u015b\u0107 5 ton Us\u0142ugi mini \u0142adowark\u0105 6 ton Us\u0142ugi kopark\u0105 ko\u0142ow\u0105 liebherr 316 poj.\u0142y\u017cki 0.8 m3 Wywrotk\u0105 renault kerax poj.kipra 15m3 Us\u0142ugi kopark\u0105 g\u0105siennicow\u0105 hyundai 290 lc poj.\u0142y\u017cki 1.85 m3 waga 30 ton","og_url":"https:\/\/matbud-brukarstwo.pl\/index.php\/roboty-ziemne\/","og_site_name":"MATBUD Brukarstwo","article_modified_time":"2020-03-21T14:29:07+00:00","og_image":[{"url":"http:\/\/matbud-brukarstwo.pl\/wp-content\/uploads\/2020\/03\/90412953_1163333750665285_3479141694098636800_n-1-1024x768.jpg","type":"","width":"","height":""}],"twitter_card":"summary_large_image","schema":{"@context":"https:\/\/schema.org","@graph":[{"@type":"WebPage","@id":"https:\/\/matbud-brukarstwo.pl\/index.php\/roboty-ziemne\/","url":"https:\/\/matbud-brukarstwo.pl\/index.php\/roboty-ziemne\/","name":"Roboty Ziemne - MATBUD Brukarstwo","isPartOf":{"@id":"http:\/\/matbud-brukarstwo.pl\/#website"},"primaryImageOfPage":{"@id":"https:\/\/matbud-brukarstwo.pl\/index.php\/roboty-ziemne\/#primaryimage"},"image":{"@id":"https:\/\/matbud-brukarstwo.pl\/index.php\/roboty-ziemne\/#primaryimage"},"thumbnailUrl":"http:\/\/matbud-brukarstwo.pl\/wp-content\/uploads\/2020\/03\/90412953_1163333750665285_3479141694098636800_n-1-1024x768.jpg","datePublished":"2020-03-12T10:00:39+00:00","dateModified":"2020-03-21T14:29:07+00:00","breadcrumb":{"@id":"https:\/\/matbud-brukarstwo.pl\/index.php\/roboty-ziemne\/#breadcrumb"},"inLanguage":"pl-PL","potentialAction":[{"@type":"ReadAction","target":["https:\/\/matbud-brukarstwo.pl\/index.php\/roboty-ziemne\/"]}]},{"@type":"ImageObject","inLanguage":"pl-PL","@id":"https:\/\/matbud-brukarstwo.pl\/index.php\/roboty-ziemne\/#primaryimage","url":"http:\/\/matbud-brukarstwo.pl\/wp-content\/uploads\/2020\/03\/90412953_1163333750665285_3479141694098636800_n-1-1024x768.jpg","contentUrl":"http:\/\/matbud-brukarstwo.pl\/wp-content\/uploads\/2020\/03\/90412953_1163333750665285_3479141694098636800_n-1-1024x768.jpg"},{"@type":"BreadcrumbList","@id":"https:\/\/matbud-brukarstwo.pl\/index.php\/roboty-ziemne\/#breadcrumb","itemListElement":[{"@type":"ListItem","position":1,"name":"Strona g\u0142\u00f3wna","item":"http:\/\/matbud-brukarstwo.pl\/"},{"@type":"ListItem","position":2,"name":"Roboty Ziemne"}]},{"@type":"WebSite","@id":"http:\/\/matbud-brukarstwo.pl\/#website","url":"http:\/\/matbud-brukarstwo.pl\/","name":"MATBUD Brukarstwo","description":"Z nami Ci si\u0119 u\u0142o\u017cy!","publisher":{"@id":"http:\/\/matbud-brukarstwo.pl\/#organization"},"potentialAction":[{"@type":"SearchAction","target":{"@type":"EntryPoint","urlTemplate":"http:\/\/matbud-brukarstwo.pl\/?s={search_term_string}"},"query-input":{"@type":"PropertyValueSpecification","valueRequired":true,"valueName":"search_term_string"}}],"inLanguage":"pl-PL"},{"@type":"Organization","@id":"http:\/\/matbud-brukarstwo.pl\/#organization","name":"MATBUD Brukarstwo","url":"http:\/\/matbud-brukarstwo.pl\/","logo":{"@type":"ImageObject","inLanguage":"pl-PL","@id":"http:\/\/matbud-brukarstwo.pl\/#\/schema\/logo\/image\/","url":"https:\/\/matbud-brukarstwo.pl\/wp-content\/uploads\/2020\/03\/cropped-89039435_191908945449923_1236239450627899392_n1.jpg","contentUrl":"https:\/\/matbud-brukarstwo.pl\/wp-content\/uploads\/2020\/03\/cropped-89039435_191908945449923_1236239450627899392_n1.jpg","width":714,"height":122,"caption":"MATBUD Brukarstwo"},"image":{"@id":"http:\/\/matbud-brukarstwo.pl\/#\/schema\/logo\/image\/"}}]}},"_links":{"self":[{"href":"https:\/\/matbud-brukarstwo.pl\/index.php\/wp-json\/wp\/v2\/pages\/125","targetHints":{"allow":["GET"]}}],"collection":[{"href":"https:\/\/matbud-brukarstwo.pl\/index.php\/wp-json\/wp\/v2\/pages"}],"about":[{"href":"https:\/\/matbud-brukarstwo.pl\/index.php\/wp-json\/wp\/v2\/types\/page"}],"author":[{"embeddable":true,"href":"https:\/\/matbud-brukarstwo.pl\/index.php\/wp-json\/wp\/v2\/users\/1"}],"replies":[{"embeddable":true,"href":"https:\/\/matbud-brukarstwo.pl\/index.php\/wp-json\/wp\/v2\/comments?post=125"}],"version-history":[{"count":3,"href":"https:\/\/matbud-brukarstwo.pl\/index.php\/wp-json\/wp\/v2\/pages\/125\/revisions"}],"predecessor-version":[{"id":181,"href":"https:\/\/matbud-brukarstwo.pl\/index.php\/wp-json\/wp\/v2\/pages\/125\/revisions\/181"}],"wp:attachment":[{"href":"https:\/\/matbud-brukarstwo.pl\/index.php\/wp-json\/wp\/v2\/media?parent=125"}],"curies":[{"name":"wp","href":"https:\/\/api.w.org\/{rel}","templated":true}]}}